6 + (8 - -3 - 8)?
9
What is (1 - -5 - -10) + -2?
14
Evaluate -6 + (10 - -4 - 18).
-10
Calculate 12 + ((1 - (-7 - -15)) + -1 - -11).
15
What is -11 + 17 + 0 + (0 - 0)?
6
What is -67 - (37 - (-17 + 92))?
-29
What is -9 + (-173 + 190 - (1 - -12))?
-5
-43 + 33 + 28 + -36
-18
What is 5 + (-4 + (-7 + -7 - 6) - -4)?
-15
What is the value of 27 + (-5 - -2 - 1) - (-65 - -72)?
16
What is 6 - (8 + 7 + (10 - 8))?
-11
0 - ((-2 - -1 - 1) + 0)
2
What is 20 + -33 + 10 + (-2 - (3 - 2))?
-6
What is (-7 - (28 - 27)) + 2 + -19?
-25
What is 1 + 2 + (13 - 18) - 7 - 2?
-11
Evaluate 0 + -14 + -12 + 21 + -13.
-18
What is the value of -80 + 84 + -3 + (-4 - (-5 - -3))?
-1
Evaluate 11 - ((11 - -3) + 5).
-8
What is (6 - (-4 + -3)) + -8?
5
What is the value of (7 - (6 + -3)) + 11?
15
(40 + -27 - (1 - -8)) + 9
13
(21 - (10 + 9) - (-2 - 1)) + 33
38
Evaluate 17 - 21 - (9 - ((0 - 8) + 17)).
-4
16 + (-2 - (5 - 6 - 1) - -4)
20
What is the value of (-12 - (7 + -9 + 4)) + (1 - -4)?
-9
Calculate -40 - ((16 - 50) + 13).
-19
Calculate -17 - (-2 + (6 - 9 - 3) + 6).
-15
What is -16 + (13 - (7 - (7 - 10)))?
-13
Evaluate (-20 + 4 - -17 - -9) + -3.
7
Calculate 16 - ((-2 - (-6 - 3 - -3)) + 3).
9
Evaluate (1 - (-3 - -6)) + 5 + -2 + -8.
-7
-11 + 16 + -1 + (2 - 5) + 9
10
Calculate -8 + 11 + 6 + -16.
-7
Evaluate 31 - (-1 - (14 + -17)).
29
Calculate -30 - 10 - -6 - (-5 + 5 - 5).
-29
What is the value of 9 + (48 + -53 - (1 - (0 + 25)))?
28
Evaluate (2 - -7) + 2 + 2 - (7 + 1).
5
37 - (15 - 10 - -14)
18
1 + (-12 - (9 + -4))
-16
Calculate (-1 - 21) + 0 - (-1569 - -1559).
-12
Calculate 38 + -29 + -21 + -8 + 1.
-19
Calculate -4 + 19 - (0 - 6 - -5).
16
Evaluate 3 - -1 - 8 - (1 + -17).
12
44 - (44 - (-6 + 30))
24
Evaluate (2 - 5) + -69 + 83.
11
-5 + 0 + -4 + 7 - -10
8
6 - ((-17 - -9) + 38)
-24
What is (-11 + 1 - 6) + (-1 - -9)?
-8
Evaluate 35 + -35 + 26 - 19.
7
-1 + (-6 - (1 - -2) - -6) + -6
-10
Calculate -11 + (0 + -4 + 6 - (5 + -1)).
-13
Calculate -5 - 1 - ((10 - -13) + -23).
-6
Calculate 0 + 8 + -13 + -20 + 44.
19
What is the value of -35 + (48 - (69 + -37))?
-19
14 + -24 + -1 + 0 - -5
-6
Evaluate 0 + 8 + 245 + -249.
4
(-22 - -21) + (-6 - -2) + 0 + 3
-2
What is 10 - (-63 - (6 + -43))?
36
(5 - 3) + -41 + 14 + (-20 - -12)
-33
What is -4 - (29 + 0) - -14?
-19
What is the value of (8 - 0) + (-23 - (-16 - -3)) + 1?
-1
What is the value of 30 + -5 + (-10 - -8 - 1) + 8?
30
Calculate -20 + 12 - (-15 + -3 - -3) - -19.
26
(-15 - -13) + 2 + 7 + -11 + -3
-7
-1 + -34 - ((-10 - -23 - 13) + -4)
-31
Calculate 4 + 6 + -1 + (-1 - 1).
7
Evaluate 23 + -10 + -43 - -19.
-11
What is the value of 6 + (5 + -14 - -3) + 5?
5
What is 3 - (2 - 0 - (104 + -107))?
-2
(2 - 9) + -14 + 18 + -10 - -4
-9
Evaluate (2 - (5 + -10 + (7 - 8))) + -5.
3
10 - (-11 + 4) - (-13 - -9)
21
Calculate (0 - 3 - (-11 - -13)) + (2 - 4).
-7
Evaluate -6 + (16 - 8) - (-4 + 17 - 6).
-5
Calculate 4 + (-6 - (-3 - 0)).
1
What is the value of 4 - (0 + 1) - (-10 + -1 + 13)?
1
-8 + 2 + (6 - 1) + 2 + -2
-1
Calculate -5 - (-4 + 7) - (-82 + 68).
6
Evaluate 6 - (-2 + -1 - (35 - 36)).
8
Evaluate -1 + -1 - (-179 - -188).
-11
26 - (-30 - -72) - ((2 - 1) + 8)
-25
Evaluate (1 - 11) + 2 - 9 - -10.
-7
What is (-1 - -21 - 8) + -1?
11
Evaluate 9 + -2 + (-4 - (10 - (-4 + 7))).
-4
What is (-8 - (-31 + 15)) + -15 + 0?
-7
What is -12 + 20 - (2 - -3)?
3
Calculate -236 - -239 - (-1 - 8).
12
Calculate (4 - -1 - 6) + -2 + 4.
1
Calculate -14 + (11 - -13) + 13 - -6.
29
-2 + (11 - 16) + 13
6
What is -5 + (-2 - 8) + 27?
12
Calculate (-11 + 1 - -17) + -17.
-10
Evaluate -3 + (28 - 2 - 13) - 11.
-1
What is -7 - (8 + -1 + -14 + (-12 - 3))?
15
What is 4 + (19 - 24) + (-1 - -11) + -37?
-28
Calculate -18 + (-17 + (10 - 0) - -45).
20
Calculate 25 + -11 + 14 + (-2 - (3 - 5)).
28
-4 - -23 - (48 + -33)
4
What is (1 - 16) + -1 - (51 - 49)?
-18
Calculate 46 + 0 - (-519 + 576).
-11
What is the value of -2 - (-1 - 9) - (204 - 206)?
10
25 - (15 + 4) - 4
2
What is the value of 7 + -7 - (3 - (-4 - -5)) - -1?
-1
What is -32 - (-7 + -16 - -18 - (6 - 0))?
-21
What is 9 - (10 - 15 - -9)?
5
What is (3 + 2 - -3) + 25 + -31?
2
Evaluate 2 - -16 - (-2 + (13 - 10)).
17
What is (1 - -8) + -34 + (-12 - -68)?
31
Calculate 0 + (-5 - -1) + (-10203 - -10191).
-16
Calculate -24 + (6 + (2 - 4) + -3 - -1).
-22
-12 + (26 - (4 - -10) - -8)
8
What is the value of -51 + 9 - (4 - (3 - -18))?
-25
-4 + 1 + (-7 - (6 + -8))
-8
What is the value of (-980 - -994) + 1 + 0 + -24?
-9
What is -8 + 6 - (11 - (9 + 11 + -9))?
-2
Calculate 8 + 0 - (6 + -11 + -4 + 5).
12
Evaluate (10 + -22 + 36 - 6) + 0.
18
Evaluate -18 - (-7 - 4) - 2.
-9
Evaluate 19 + 0 + 137 + -154 + -13.
-11
What is the value of (-7 - (1 + -8 + 13)) + (-9 - -6)?
-16
What is the value of -5 + 12 + 2 + (-95 - -68)?
-18
Evaluate (11 + -14 - -10) + (3 - 0) + -20.
-10
Calculate -34 + (-24 - -50) - -17.
9
Calculate (1 + -51 - -41) + 5 + 2 + 0.
-2
Evaluate -3 - (7 + -9) - 8.
-9
What is the value of (-8 + 4 - 24) + (34 - 26)?
-20
Calculate (-51 - -23 - -30) + (1 + -3 - -13).
13
What is the value of 26 + 17 + 10 + -27 + 8?
34
Calculate 6 - -2 - (1 + -5 + 17 - 1).
-4
What is the value of -12 - (12 + -2 + -5) - -1?
-16
(-1 - (-6 + 3)) + -3 + (3 - -9)
11
What is the value of 6 + -2 + (1 + -10 - 0) - -7?
2
What is the value of (37 - (-10 + 36 + -10)) + 15?
36
Evaluate (13 + -16 + 10 - 15) + 9.
1
Evaluate 3 + (11 - 25) + (2 - -8).
-1
12 + (7 - 18 - (-7 - -15 - 37))
30
What is 1 - -3 - (50 + -70)?
24
Calculate -3 - (-23 + 23 + -15).
12
Calculate -17 - -4 - -5 - -6.
-2
Calculate (7 - 1) + 3 - (-64 - -71).
2
Calculate -46 + (49 - 16) + (-15 - -1).
-27
Evaluate -3 + 5 + -9 + -1 + -1.
-9
Calculate 9 - (23 + (-23 - -12) + -4).
1
What is the value of 3 - 7 - (-12 + -12) - (-5 - 0)?
25
Evaluate -7 - (-16 + 11 - -5).
-7
What is (-223 - -234) + -1 + -46 + 5?
-31
Calculate 23 - (0 + 19 + -1 + -5).
10
Evaluate 2 + 8 + (-17 - 1) - -3.
-5
What is the value of -10 - (-26 - (-16 + 21))?
21
Evaluate -14 + (23 - (-8 - -2)).
15
What is the value of (40 - 26) + -24 + 11?
1
What is the value of -1 + -6 + (1 + 8 - -2) + -20?
-16
What is the value of -2 + 4 + 23 + -4 + -1?
20
-4 + (-6 - (7 + -9)) + 1 + -5
-12
Calculate -73 - -82 - (13 - -1).
-5
What is 56 - (28 + -9) - 20?
17
(10 - 5) + (-2 - -2) - (-48 - -60)
-7
-6 + 2 + (39 - 24 - 12)
-1
What is the value of -5 - (-6 + -1 + 0 + 2)?
0
(2 + 0 - -45) + (44 + -33 - 19)
39
Calculate -1 - 25 - -3 - (1 + 1).
-25
Evaluate 4 + 1 - (-2 - 2) - (63 - 70).
16
What is 3 - (2 + (2 - -11) + 2 + -6)?
-8
Calculate -5 - (24 - (4 + 5 - -1)).
-19
Calculate (0 - 1) + -1 + 16.
14
What is the value of -1 + 0 - 0 - (-40 + 30 + 10)?
-1
Calculate 0 + -3 + 12 + 156 + -153.
12
What is the value of -2 + -2 + 4 + (-7 - -20) + -6?
7
What is -3 - (16 + (-6 - (-1 + 2)) + -15)?
3
What is the value of 21 - (19 + 29 + -9)?
-18
Evaluate 6 - (0 + 1 + 15) - (-6 - -5).
-9
What is (-7 + 18 - -6) + -19 + -6 + -1?
-9
What is the value of 3 + (3 - 12) - (-11 + (9 - -6))?
-10
What is (9 + -9 - -3) + 4 - -4?
11
Calculate 6 - ((2 - -13 - 0) + (-195 - -192)).
-6
What is the value of -21 + (4 - (10 + -16)) + 18?
7
Evaluate -18 - (18 - 34) - (-9 - -17).
-10
Evaluate 75 + -96 - (-6 - -3).
-18
Calculate 0 + -13 - (40 - 122 - -50).
19
What is the value of -22 - (-16 + (0 - -6))?
-12
What is 112 - 101 - (4 + 0)?
7
Evaluate -7 + (7 + -2 + -5 - -18).
11
Calculate 7 + (9 - 2 - 22).
-8
Calculate (7 - ((10 - (8 - 1)) + -9)) + -1.
12
What is the value of 23 - (-6 - -21) - 6?
2
Calculate 38 + -31 - (1 + 1).
5
Calculate 3 + -4 + -18 + (35 - 26).
-10
-1 - 2 - ((7 - 13) + 38 + -14)
-21
Calculate -3 - (9 + -10 + 6 + 1).
-9
What is the value of 21 - (3 + ((10 - 9) + -4 - -2))?
19
Evaluate -1 - (10 - 5 - 4 - -4).
-6
Calculate -2 - (-15 - ((-6 - -13) + 3 + -18)).
5
-32 + 58 + -27 + 7
6
What is the value of (492 - 478) + (0 - -1)?
15
Evaluate -3 + -1 + -11 + 12 + 11.
8
What is 14 + -59 + 19 - -6?
-20
Calculate (26 + 48 - 76) + (7 - 0).
5
What is the value of -1 - (0 + 0 + 8)?
-9
What is the value of -19 - (-7 + -31) - (3 - 12)?
28
0 - 2 - (5 + -1 + 6 + -8)
-4
Evaluate (-6 - 3 - -8) + 3 + -13.
-11
Evaluate 2 + -18 - ((1 - -14 - 16) + 1).
-16
What is the value of ((1 - -2) + -3 - 21) + 4?
-17
(8 - -3) + -7 + (0 - 7)
-3
Calculate -4 + -1 + (10 - (23 - 14)).
-4
What is the value of (8 + 1 - (-233 - -250)) + 11?
3
What is 123